t are the prime factors of r?
2, 7
Suppose -q + 12 = -2*c, -q - 6 = q + 2*c. Let d be (2/6)/(q/24). Suppose m - 5*m = 5*n - 45, d*m + 59 = 3*n. List the prime factors of n.
13
What are the prime factors of 12/(-10)*64740/(-24)?
3, 13, 83
Let h(g) = -g + 17. Let a be h(15). Let i(x) = 16*x**3 + 5*x**2 - 5*x + 1. Let q be i(a). Suppose -59 = -6*p + q. List the prime factors of p.
3, 11
Let a be ((-922)/(-4))/(5/80). List the prime factors of (-2)/5 - (a/(-20) - 2).
2, 3, 31
Let p(y) = -y - 3. Let d(g) = g + 2. Let h(f) = -4*d(f) - 3*p(f). Let z(a) = 11*a - 6. Let v(s) = 3*h(s) + z(s). What are the prime factors of v(6)?
3, 5
Suppose -4*g - 1099 = -5*g - 3*p, 2*p + 4424 = 4*g. List the prime factors of g.
5, 13, 17
Let l(n) be the first derivative of -n**4/4 + n**3/3 + n**2/2 + 136*n + 24. List the prime factors of l(0).
2, 17
Let l(u) be the first derivative of u**2/2 + 53*u + 6. What are the prime factors of l(0)?
53
Let z = 5933 - 178. List the prime factors of z.
5, 1151
Let n = -520 + 977. What are the prime factors of n?
457
Let v = -6 + 9. Let y be (v + 3)*(-2)/(-6). Suppose -5*h - 2*w + 37 = -100, -4*w - 74 = -y*h. List the prime factors of h.
29
Let b be 0/(2/4*-2). Suppose -4*k + 3*k + 20 = 0. Suppose -5*a + 130 = 3*n, k = -4*n - b*n. What are the prime factors of a?
29
Let d = -76 - -170. Suppose g - 2*a + d = 3*g, 4*g - 202 = 3*a. List the prime factors of g.
7
Let z(l) = -2*l - 22. Let x be z(-12). Suppose 2*u - 12 + 357 = 3*m, 5*u + 230 = x*m. What are the prime factors of m?
5, 23
Let k be (10/(-6))/(40/(-144)). Let a = 20 + k. List the prime factors of a.
2, 13
Suppose -3*s = 0, 1113 = 5*w + 2*s - 1887. What are the prime factors of w?
2, 3, 5
Suppose 52 - 43 = 3*r. Suppose 0 = 5*j - 4*h - 840, -j + 4*j - r*h = 504. What are the prime factors of j?
2, 3, 7
Let d(p) be the first derivative of 7*p**2 + 23*p - 54. List the prime factors of d(4).
79
Suppose -27*x + 25*x = -64. Suppose -4*n - 16 = -x. List the prime factors of n.
2
Let y = 47 + -30. Suppose -26 - y = g. What are the prime factors of (-3)/1 - (g + 9)?
31
Let l = 116 + 12. Suppose -l = -5*a + 157. Suppose a = 3*k + 2*q, q + 9 = 4*q. List the prime factors of k.
17
Suppose -138*c = -133*c - 860. Let s(q) = 3*q**2 - q + 1. Let d be s(2). Suppose d*y - c = 7*y. List the prime factors of y.
43
Let m(p) = -p - 7. Suppose -r = 3*s + 31, 14 = -3*s - 5*r - 33. Let n be m(s). Let q = n + 0. List the prime factors of q.
2
Let q be 10 - 8 - 0/2. Suppose -3*j + 148 = -2*p, 4*p - q*p + 48 = j. Suppose -4*g + 98 = -j. List the prime factors of g.
37
Let k(j) = j**3 - 2*j**2 + 4. Let l = -5 + 8. Let v be k(l). Suppose 63 = 3*y + 5*o, 0 = -4*y + 4*o + 103 + v. What are the prime factors of y?
2, 13
Suppose z - 9*z = -32. What are the prime factors of (1 - -39*z) + 0?
157
List the prime factors of (-28)/98 - (-82206)/42.
19, 103
Let f = -18 + 17. List the prime factors of 1 - f - (11 - 46).
37
Suppose -9*h = -8*h - 5. Suppose 1 = h*t - 9. Suppose i + 5 = 0, t*r = 4*i - i + 21. What are the prime factors of r?
3
Let x(m) = m - 1. Let o be x(4). Suppose -6*b - 55 = -5*y - 2*b, 4*y - 13 = -o*b. Suppose y*r = 4*r + 147. List the prime factors of r.
7
Suppose 2*d + 2*d = -3*h - 21, 4*d = -4*h - 32. Let i = h - -10. What are the prime factors of (-5)/((-3)/(-6) + i)?
2, 5
What are the prime factors of 27046/11 + 204/748?
2459
Let a(q) = -q**2 + q. Let v(b) = 2*b**2 - 2*b - 1. Let l(i) = -5*a(i) - v(i). Suppose 5*c = -0*c + 15. What are the prime factors of l(c)?
19
Let g(f) = -97*f + 21. What are the prime factors of g(-6)?
3, 67
List the prime factors of 662 + (-16)/(-4) + 10/2.
11, 61
Suppose 3*c - 2*p = 4882, 4*c + 13*p - 17*p - 6512 = 0. What are the prime factors of c?
2, 3, 271
Let p(u) = -u + 1. Let s(v) = -2*v - 7. Let t(z) = 3*p(z) - 3*s(z). List the prime factors of t(0).
2, 3
Let t(c) = 2*c**2 + 1 + 0*c**3 - c**3 + 3*c + 3. Let r be t(3). What are the prime factors of r + -1 + (-10 - -19)?
2, 3
Suppose z = 5*k + 3*z - 1431, 4*k = -3*z + 1149. List the prime factors of k.
3, 5, 19
Suppose 3*t - 15 = -d, -8 = 4*d - 5*t - 0*t. Let u(f) be the third derivative of f**5/15 - f**4/6 + f**3/6 - 27*f**2 - 2*f. What are the prime factors of u(d)?
5
What are the prime factors of (145/10 + -3)*154?
7, 11, 23
Let x = -6 - -27. Let l = 169 - x. List the prime factors of l.
2, 37
Suppose 2*t = -2*t + 64. Suppose -t = -q - 3*q. Suppose q*v + 13 = 29. What are the prime factors of v?
2
Let l(n) = n**3 + 6*n**2 + 6*n + 4. Let o be l(-4). List the prime factors of (-2 - 591/(-6)) + o/8.
2, 7
Let h(j) = -j**3 + 5*j**2 - 5*j - 1. Let o be h(4). Let n(y) be the first derivative of y**4/4 + 5*y**3/3 - 2*y**2 - 10. List the prime factors of n(o).
2, 5
Suppose 0 = 7*k - 2*k - 4*l - 9, -l = -2*k + 6. Let v(j) = -7*j + 9. Let w be v(k). Let f = w + 49. What are the prime factors of f?
23
Let m = 5 + 5. Let t = -8 + m. Suppose -3*j - 2*i = -t*j - 27, -j - 4*i + 19 = 0. What are the prime factors of j?
5, 7
Let r(h) = -5*h**2 - 3*h - 3. Let t(p) = -3*p**2 - 2*p - 1. Let d(w) = 4*r(w) - 7*t(w). Let c be d(-4). Suppose -c*u = u - 48. List the prime factors of u.
2, 3
Let l = 79 + 85. List the prime factors of l.
2, 41
List the prime factors of (0 + -2)*((-4344)/16 - 2).
547
Let d(b) = b**3 + 6*b**2 - 17*b - 12. Let y be d(-8). What are the prime factors of y/14 - (-1141)/49?
23
Let l(w) = 182*w - 80. What are the prime factors of l(9)?
2, 19, 41
Let w = 3176 + -1724. List the prime factors of w.
2, 3, 11
Let g = 12 + -12. Let w = 14 + -11. Suppose 5*u = -5*m + 45, -7 = -u - w*m - g*m. What are the prime factors of u?
2, 5
Suppose 0 = -10*d - 6*d + 17232. List the prime factors of d.
3, 359
Let t(q) = 13*q**2 + 60*q + 10. What are the prime factors of t(-8)?
2, 181
Let t be ((-8)/(-1))/(-4) + 12. Suppose t*m + 1125 = 19*m. List the prime factors of m.
5
Let z(b) = 53*b**2 + b - 4. Let p(a) = a - 8. Let d be p(6). Let w be z(d). Suppose -184 = -5*c + w. What are the prime factors of c?
2, 3, 13
Suppose 0 = 4*t + 4*u - 1036, 0 = 6*t - 8*t + u + 518. List the prime factors of t.
7, 37
Suppose -214 = 2*r - 5*h, h - 107 = -9*r + 10*r. Let s = 115 + r. List the prime factors of s.
2
Let l(w) = 55*w**3 - 6*w**2 + 10*w + 8. What are the prime factors of l(3)?
13, 113
Let s(i) = 569*i + 686. List the prime factors of s(5).
3, 11, 107
Let h(v) be the third derivative of 0*v + 25/3*v**3 - 1/60*v**5 + 2*v**2 + 0 + 1/24*v**4 - 1/120*v**6. What are the prime factors of h(0)?
2, 5
Let g = -844 + 1250. Suppose 56 - g = -5*d + 2*a, 2*d = -5*a + 169. List the prime factors of d.
2, 3
Let k(i) = -60*i**2 - i**3 + 13 - 7*i - 9*i + 2*i + 74*i**2. Let j be k(13). Suppose -3*x - x + 148 = j. What are the prime factors of x?
37
Let g be (2 - 2) + 85/(-5). Let y = -15 - g. Suppose -4*w = -5*w + 5*u + 47, y*w - 49 = u. List the prime factors of w.
2, 11
Let o = -1 - -3. Suppose 3*b + 21 = o*n - 11, -b - 4*n - 6 = 0. List the prime factors of 1*(-4)/(8/b).
5
Let l(v) = 30*v**3 + 6*v**2 - 8*v + 2. What are the prime factors of l(2)?
2, 5
Let j be 28/3 - 6/(-9). Let m = 16 - j. List the prime factors of (-2)/m - 61/(-3).
2, 5
Let a be (3 - 2)/((1/1)/3). Suppose 5*q = a*q - 5*r + 67, -3*q - r = -68. What are the prime factors of q?
3, 7
What are the prime factors of (-1)/8 + 18994/16?
1187
Let n be (-94)/(-14) + 8/28. Let x = -1 + n. What are the prime factors of (-11)/(-2*3/x)?
11
Suppose 5*z = 28*y - 33*y + 2505, y = -3*z + 491. List the prime factors of y.
2, 11, 23
Let j(c) = 7*c**2 + 8*c + 3. Let r(q) = 10*q**2 + 12*q + 5. Let y(z) = -7*j(z) + 5*r(z). What are the prime factors of y(-7)?
5
Suppose 0 = -0*f + 4*f - 208. Suppose -u = -f - 32. List the prime factors of u.
2, 3, 7
Let i(g) = g**3 + 15*g**2 + 13*g - 13. Let z be i(-14). What are the prime factors of (6 + -5)/1*z*10?
2, 5
Suppose 1 = 2*j - 1. Let z be j*(-3)/(-6)*-2. List the prime factors of z/(3/6) + 16.
2, 7
Let r be 9/(-12) + 252/16. Suppose 3*m - r = -0*m. Suppose 0 = 3*n - 5*c - 84, n = -m*c + 6 + 22. What are the prime factors of n?
2, 7
Suppose 0 = -5*p - 25, -3*y + 460 + 652 = 2*p. List the prime factors of y.
2, 11, 17
What are the prime factors of (308/42)/((-251)/126 + 2)?
2, 3, 7, 11
Let u(r) = -r**3 - 13*r**2 - 27*r - 21. List the prime factors of u(-18).
3, 